-16).
7
Evaluate (3 + 2 - 1) + (-3 - 0).
1
Evaluate 4 - (2 + 7 + -7).
2
What is (3 + 1 - 12) + 4 + -1?
-5
What is the value of -4 - (-1 + (-3 - (-6 - -2)))?
-4
Calculate 2 - (2 + (1 - (3 - 3))).
-1
Calculate -24 + 30 - (0 - -1).
5
What is 1 + -1 + (7 - 9)?
-2
-4 + (12 + -2 - 3)
3
Evaluate -1 + -1 + (6 - 7) - -4.
1
2 + -8 - (5 - 14)
3
Evaluate -1 + (8 - 0) - 2.
5
What is -4 + 1 + 5 - 3?
-1
1 + 2 + (0 - 0)
3
What is 0 + (-2 - (-2 - 2))?
2
Evaluate -6 + -1 - (-9 - (1 - -1)).
4
Evaluate (2 - -1) + -6 + 4.
1
What is the value of -2 + (-1 - 0) + (24 - 28)?
-7
Evaluate -1 + 2 - (18 + -12).
-5
What is 9 + (-5 - (-9 - -6))?
7
Calculate -6 + (-28 - -37 - (0 - -1)).
2
What is 5 + 3 + -2 - (0 - 1)?
7
Evaluate (1 - 2 - (5 - 5)) + 1.
0
Evaluate -21 - -19 - (1 + -1).
-2
What is the value of -5 - (-3 + (8 - 5))?
-5
Calculate -1 - (3 + -3 + -1).
0
Calculate (-4 - (0 - (1 + 3))) + 3.
3
Calculate (5 - 5) + 12 + -17.
-5
Evaluate 0 + (-4 + 1 - -2).
-1
Evaluate 1 + -2 + -5 + -1 + 2.
-5
Evaluate -4 + 11 + -3 - -2.
6
What is the value of -4 + -3 + -2 + 7?
-2
Calculate 6 - (-4 - (-11 - (-3 + 2))).
0
What is 5 + (-17 - -21) + (1 - 6)?
4
What is 0 + 11 + (80 - 93)?
-2
What is (2 + 2 - 6) + -3 + -2?
-7
(-4 - (3 - 14)) + -5
2
Evaluate 10 + -7 - (2 - 1).
2
Evaluate -1 + (0 + -3 - -1) - -1.
-2
(5 - 16) + 25 + -17
-3
Calculate -3 + (5 - (7 - -1)).
-6
Evaluate (0 - -2 - 6) + 5.
1
What is the value of -6 + (-4 - (-12 - -3)) + -1?
-2
What is the value of 4 + -1 - ((-1 - -3) + 5)?
-4
What is the value of 5 - 2 - (-4 - -12 - 1)?
-4
Calculate 2 + 4 - (-7 - (2 - 9)).
6
What is the value of -7 + 4 + (1 - 1)?
-3
8 - (16 + -9 + 6)
-5
Calculate 4 - 5 - (1 - 9).
7
What is 14 - 13 - (4 + -1)?
-2
What is the value of (2 - 1) + (4 - 5)?
0
Evaluate -1 - -2 - (3 - 8).
6
What is 5 + -10 - (-10 + 8)?
-3
Calculate (1 - 4) + (-1 - -3).
-1
Calculate -7 - (4 + -9 - 5).
3
Evaluate 5 + 8 + -9 + 4 + -5.
3
What is -4 + -1 - (7 - 1 - 8)?
-3
What is the value of 0 + 5 + -2 + -10 + 14?
7
Evaluate -41 + 27 + 12 + -3.
-5
What is the value of (-1 - 3 - 0) + (-5 - -6)?
-3
Evaluate -11 + 2 + 3 + 6.
0
What is -1 + -1 - (-48 - -42)?
4
Evaluate 4 + -3 + (1 - 1) + -1.
0
What is (-4 - 8) + 7 - -5?
0
(-23 + 8 - -8) + 5
-2
What is the value of 8 + (1 - (12 - 10))?
7
Calculate -4 + -1 - -5 - (0 - -2).
-2
What is the value of -2 + (-5 + 2 - -2)?
-3
-3 + (9 - 2) - (10 + -7)
1
Evaluate 8 + -15 + 4 - (-1 - -2).
-4
-6 + (17 - 3) - (5 - -1)
2
-1 + 0 + 6 + -2
3
Calculate 0 + -8 + 15 + 0.
7
What is -11 + (-3 - -2) + 6?
-6
What is the value of 1 + -3 - (0 + 7 + -4)?
-5
Calculate -13 - -16 - (-10 - -3 - -2).
8
Evaluate 2 - (-3 + 0 + 1) - 1.
3
(4 - (8 + -4)) + -3 - -5
2
Calculate -6 - ((0 - -6) + 8 + -15).
-5
(-9 + 5 - (-2 + -3)) + 5
6
What is (3 - 7) + 7 + -2?
1
What is 1 - 0 - (-7 + 14 + -10)?
4
(-2 - (5 - 19)) + -5 + -1
6
Calculate 6 - (-2 + -6 - -13) - -2.
3
What is the value of -6 + -1 - ((15 - 21) + -1)?
0
What is (4 - 6) + 2 - (8 - 12)?
4
Calculate 2 + 4 + (-6 - (-8 - -2)).
6
What is 7 - (12 + -1) - (0 - 9)?
5
Evaluate -7 + (7 - (8 + -2)).
-6
Calculate 5 + 1 - (15 + -4).
-5
Evaluate 5 + -18 + 3 + 6.
-4
Evaluate -2 + 7 + (-14 - -8).
-1
What is the value of 1 + 0 + -9 + 6?
-2
What is -7 + -2 + -3 - -5?
-7
What is -218 + 220 - (-5 + -1)?
8
What is 8 - 11 - -8 - 1?
4
What is -1 + (0 + 6 - 7) + -1?
-3
What is the value of -2 + (1 - 2) + 2?
-1
What is the value of 14 + 2 - 9 - 5?
2
Calculate (6 - 2) + -22 + 18.
0
Evaluate (-4 - -2) + 7 + 13 + -19.
-1
Calculate (-1 - ((1 - 3) + 0)) + 4.
5
Evaluate -6 + (1 - (4 + -1)) + 4.
-4
Calculate (2 - 4) + 4 + 5 + -13.
-6
What is (-6 - (-3 - (-3 + 2))) + 2?
-2
(3 - -1) + (2 - 5)
1
What is the value of -3 - (3 - (-1 + 7))?
0
Evaluate (2 - (4 - -3)) + -2.
-7
What is the value of 0 + -1 + (0 - -1)?
0
Evaluate 1 + 2 + (-9 - 0 - -1).
-5
Evaluate 1 + -3 + -16 + -13 + 33.
2
Calculate (1 + (6 - 7) - 8) + 3.
-5
Calculate -21 + 24 - (4 + 0).
-1
What is the value of 6 + -8 + (2 - (-2 + 2))?
0
5 - (1 + 2) - (1 - -2)
-1
What is the value of 7 - (-4 + 5 + 1)?
5
Calculate 2 + -6 + (5 - -1) + 2.
4
What is (-2 - 2 - -9) + (-10 - -5)?
0
Calculate 5 + (8 + -2 + 0 - 9).
2
(2 - 9) + 6 - -4
3
Calculate 4 + -5 + (-2 + 0 - 0).
-3
(-5 + 4 + -3 - 1) + -1
-6
-47 - -48 - (-2 + (1 - 1))
3
Evaluate (-55 - -48 - (1 + -4)) + 6.
2
What is -1 + (0 - -8 - 3)?
4
Calculate ((6 - 7) + 2 - -2) + -8.
-5
Evaluate -6 - (-1 + (-4 - 1)).
0
Calculate 1 + (-3 - (-1 - -2)).
-3
What is the value of 7 - (3 + 3 + -6 - -5)?
2
7 - (-6 + -7 - -21)
-1
6 + (2 - 5) + -12
-9
Evaluate -11 - (-31 + 15) - (-1 + -1).
7
0 + (-2 - (4 - 2)) - -2
-2
Calculate (-10 - -10) + (0 - (0 - 0)).
0
What is 5 + (-6 - -1) + 4 - 1?
3
Calculate -4 + (-2 - -7) + -3 + 2.
0
Evaluate 6 + 11 + -12 + 5.
10
Calculate 3 + -2 + -11 + -6 + 14.
-2
What is the value of (-4 - -7) + -5 + 5?
3
Calculate -4 + (11 + -4 - -1).
4
Evaluate -1 + 8 - (-9 - (-29 - -7)).
-6
What is the value of -1 + (3 - (8 + -13))?
7
What is 0 + (-5 - -2) - (2 + -1)?
-4
-8 - (-9 + 6 - (-1 + 1))
-5
3 - 6 - (5 - 6)
-2
What is the value of 2 + -3 + -2 + 3?
0
What is the value of -4 + -6 - -9 - (1 + -6)?
4
Calculate (1 - -1) + -1 + 8 - 3.
6
Evaluate (1 - (-10 - -14)) + 7.
4
Evaluate 0 + 5 + -5 + -2 + 5.
3
Calculate 9 + -16 + 2 - -12.
7
Calculate (3 - -1) + 3 - (-7 - -8).
6
Calculate 0 - -1 - (-3 + (2 - 1)).
3
What is the value of (-3 - 4) + -6 + 8?
-5
What is the value of -1 + (-2 + 0 - -1)?
-2
Calculate 8 + -4 - (6 + -5).
3
Calculate -5 - -2 - (7 + -12).
2
What is the value of 5 - (4 + -10 + 6 + -1)?
6
Calculate -5 + (-5 - -10) + 4 - 9.
-5
(-5 - 1) + (18 + -31 - -26)
7
Evaluate -64 + 52 - (-9 + 0).
-3
What is (-4 - (0 + -4)) + 1 - -2?
3
Calculate 1 - (6 - 2 - (3 - 4)).
-4
-6 + (-2 - -2 - (-5 + 4))
-5
Calculate -5 + 12 + (6 - 8).
5
Evaluate (91 - 80) + -10 + 2.
3
What is -2 + (-4 - -13) - 4?
3
What is 4 + -2 + -8 + 6?
0
What is (-1 - 1 - 0 - -1) + -2?
-3
(-6 - -2) + 0 - -3
-1
What is ((-2 - 1) + 1 - -2) + 5?
5
Evaluate 2 - (1 - 3) - 7.
-3
What is the value of -5 - 2 - -1 - -1?
-5
What is the value of -5 + 3 - (7 + -9)?
0
11 + (1 - 12) + 9
9
Evaluate (-1 - (15 - 7)) + 2.
-7
Calculate (-2 - -3 - 2) + 2.
1
6 - (-2 + 3 + 2) - -2
5
-3 - (-3 + -5 + 2)
3
(5 - 2 - 5) + -3
-5
What is 29 + -26 - (-2 - (-7 - -1))?
-1
What is 4 + -1 + (73 - 72)?
4
What is 3 + -7 + (3 - -1)?
0
Calculate 0 - 8 - (-25 + 19) - 5.
-7
What is 2 - (-5 + -1 - (-12 + 6))?
2
-5 - (1 + (4 - 9 - -1))
-2
Evaluate 4 + (-3 - (-1 + 2)).
0
Calculate 3 + (2 - 6) - (10 - 15).
4
Evaluate -2 + -1 + 5 + 0 + 2.
4
What is the value of 4 + -3 + 0 + (-5 - 0)?
-4
Evaluate 3 + -6 + (-3 - (-10 - 0)).
4
(-14 - -13) + (-1 - (-3 - 3))
4
What is the value of 53 + -41 + -12 + 1?
1
Calculate (-12 - -9) + 2 + -1 + 5.
3
What is the value of 13 - (16 + -10) - (2 + 3)?
2
What is -5 - 1 - (-14 + 7)?
1
What is 9 + -5 + 5 + -4 - 6?
-1
What is the value of -2 - 2 - (-32 + 28)?
0
8 + 1 + -3 - (2 - -1)
3
What is the value of 1 + -3 - (3 + -3 + 7)?
-9
What is -2 + 1 + (-18 - -17)?
-2
What is (7 - -6) + (4 + 1 - 10)?
8
What is the value of 3 + 1 - (3 + -3)?
4
What is -2 + (2 - -4) - -1?
5
What is the value of 4 - (5 + 1 + -5)?
3
1 + 0 + 18 + -15
4
(-6 - -5 - (1 + -6)) + 1
5
What is the value of (-21 - -20) + (4 - -1)?
4
1 - (1 + 2 + 0 + -4)
2
What is 3 - (4 - (-4 + 7))?
2
Calculate (1 - -14) + (-27 - (1 + -24)).
11
Evaluate 3 + -4 - -7 - (-3 + 4).
5
(-5 - (-12 + 4) - 4) + 4
3
(8 + -9 - -1) + -2 + 1
-1
-2 + 7 + -7 + -8 + 5
-5
-17 + (4 - 6) + 12
-7
Calculate -7 + (2 - (-3 + 3)).
-5
Evaluate -2 - (-14 + 5) - 9.
-2
Evaluate 10 + -5 + 3 + -1.
7
What is the value of (0 - 0) + 2 + (4 - 1)?
5
What is 3 + -5 + (2 - 1)?
-1
33 + -38 + (0 + 0 - -1)
-4
-4 + 0 + -4 + 3
-5
Evaluate (-5 - (-6 - -1)) + (3 - 4).
-1
What is -4 + 16 + -1 - (-17 + 19)?
9
Calculate 3 + ((2 - -2) + -8 - -2).
1
Calculate 1 - -1 - (-3 + 9).
-4
Calculate -5 + (8 + 1 - (7 + -3)).
0
7 + -2 - (-4 - -5 - 0)
4
(11 - (5 + -2)) + -5 - 4
-1
What is 0 + 3 + -9 + 11?
5
What is -4 + 3 + (-2 + 1 - -2)?
0
What is the value of 1 - (-11 + 9 + 1)?
2
What is -1 - (4 + (4 - 8))?
-1
Calculate 3 - ((1 - -3) + -7 + 1).
5
What is the value of 2 + -2 + -17 + 12?
-5
What is 13 + (-2 - 15) + (5 - 0)?
1
Evaluate 9 + (-1 - 2) + (-4 - -1).
3
What is the value of -3 + 5 - 5 - (7 + -18)?
8
-1 - -6 - (5 - 5)
5
3 + (1 - 1) + -6 + 2
-1
What is -2 + (5 -